 base 15.
-11
What is -7 (base 13) in base 15?
-7
What is -10 (base 4) in base 12?
-4
-9 (base 13) to base 16
-9
What is 20 (base 8) in base 12?
14
Convert -20110 (base 3) to base 2.
-10101110
Convert 2330 (base 4) to base 10.
188
Convert 1 (base 8) to base 12.
1
What is -12 (base 3) in base 11?
-5
1a (base 12) to base 16
16
b (base 15) to base 7
14
2 (base 5) to base 15
2
What is -5 (base 9) in base 16?
-5
Convert -40 (base 5) to base 2.
-10100
What is -110 (base 2) in base 3?
-20
What is 5 (base 15) in base 16?
5
132 (base 7) to base 8
110
What is -111 (base 5) in base 7?
-43
What is 2 (base 6) in base 12?
2
-40 (base 8) to base 2
-100000
1043 (base 5) to base 7
301
What is 42 (base 9) in base 2?
100110
Convert 11213 (base 4) to base 15.
18e
What is 31 (base 14) in base 11?
3a
Convert -27 (base 12) to base 14.
-23
-3 (base 12) to base 11
-3
-14 (base 6) to base 4
-22
Convert 6 (base 10) to base 14.
6
What is 5 (base 6) in base 15?
5
What is 10001010 (base 2) in base 8?
212
What is -37 (base 10) in base 2?
-100101
What is -30 (base 10) in base 4?
-132
Convert 2 (base 3) to base 14.
2
Convert 74 (base 16) to base 6.
312
What is -20 (base 3) in base 4?
-12
Convert 14 (base 11) to base 2.
1111
-7 (base 10) to base 7
-10
What is -9 (base 10) in base 13?
-9
1 (base 9) to base 3
1
-3 (base 6) to base 15
-3
bf (base 16) to base 12
13b
What is 1000111 (base 2) in base 10?
71
Convert -11101 (base 2) to base 5.
-104
Convert -1221 (base 3) to base 10.
-52
-37 (base 16) to base 5
-210
Convert 6 (base 15) to base 16.
6
-34 (base 5) to base 7
-25
What is 13 (base 7) in base 9?
11
What is -10 (base 9) in base 5?
-14
What is -211 (base 8) in base 16?
-89
-4 (base 13) to base 6
-4
What is 2 (base 3) in base 2?
10
What is -14 (base 8) in base 11?
-11
What is 232 (base 7) in base 13?
94
What is -11110 (base 2) in base 13?
-24
What is 13 (base 4) in base 16?
7
-2 (base 10) to base 9
-2
57 (base 16) to base 15
5c
11 (base 3) to base 10
4
What is -3b (base 12) in base 2?
-101111
What is 254 (base 11) in base 15?
151
What is 6 (base 14) in base 8?
6
Convert -10 (base 7) to base 10.
-7
-6 (base 16) to base 7
-6
What is 116 (base 14) in base 9?
260
Convert -19 (base 12) to base 2.
-10101
Convert -11020 (base 3) to base 12.
-96
-3 (base 12) to base 3
-10
What is 3 (base 5) in base 10?
3
What is 70 (base 10) in base 15?
4a
What is 3 (base 15) in base 13?
3
What is 238 (base 9) in base 15?
d2
Convert -17 (base 8) to base 12.
-13
-123 (base 6) to base 15
-36
Convert 20 (base 11) to base 5.
42
What is -11 (base 7) in base 15?
-8
What is -19 (base 14) in base 7?
-32
Convert -20 (base 8) to base 10.
-16
-356 (base 9) to base 7
-600
180 (base 10) to base 15
c0
Convert 3 (base 13) to base 2.
11
What is -3 (base 10) in base 12?
-3
Convert -20 (base 8) to base 16.
-10
Convert 29 (base 16) to base 9.
45
b2 (base 14) to base 9
183
Convert 7 (base 8) to base 6.
11
What is -14 (base 7) in base 15?
-b
Convert 0 (base 15) to base 12.
0
What is -10 (base 16) in base 13?
-13
Convert 84 (base 9) to base 10.
76
38 (base 9) to base 16
23
Convert -20 (base 6) to base 15.
-c
What is 100 (base 2) in base 13?
4
Convert -101 (base 2) to base 15.
-5
Convert 10001 (base 2) to base 15.
12
Convert -344 (base 5) to base 16.
-63
What is -110 (base 5) in base 6?
-50
Convert 1a (base 12) to base 9.
24
Convert 4 (base 13) to base 5.
4
What is -5 (base 13) in base 7?
-5
What is 1200 (base 6) in base 11?
242
-101 (base 5) to base 3
-222
102 (base 4) to base 16
12
Convert 11011111 (base 2) to base 7.
436
Convert 3 (base 9) to base 8.
3
-4 (base 15) to base 11
-4
What is -321 (base 5) in base 6?
-222
-534 (base 6) to base 15
-d7
Convert 4 (base 15) to base 5.
4
What is -1102 (base 3) in base 9?
-42
-2 (base 10) to base 8
-2
4 (base 7) to base 8
4
Convert 9d (base 16) to base 13.
c1
-411 (base 8) to base 3
-100211
What is -1211 (base 5) in base 3?
-20201
Convert 15 (base 6) to base 4.
23
-4 (base 12) to base 13
-4
Convert 31 (base 9) to base 3.
1001
What is -2 (base 16) in base 15?
-2
What is -44 (base 14) in base 13?
-48
123 (base 4) to base 14
1d
Convert 324 (base 5) to base 13.
6b
What is 1000 (base 2) in base 16?
8
-32 (base 5) to base 13
-14
Convert 6 (base 16) to base 3.
20
68 (base 15) to base 2
1100010
273 (base 12) to base 15
1a0
Convert a (base 15) to base 12.
a
10 (base 14) to base 8
16
-3 (base 11) to base 3
-10
What is -10010 (base 2) in base 5?
-33
What is 17 (base 10) in base 8?
21
a (base 16) to base 7
13
What is 3 (base 9) in base 8?
3
What is -2 (base 9) in base 3?
-2
Convert 3 (base 16) to base 13.
3
What is -153 (base 14) in base 9?
-328
64 (base 11) to base 15
4a
-2 (base 5) to base 15
-2
Convert 3 (base 15) to base 5.
3
15 (base 12) to base 7
23
Convert 0 (base 14) to base 6.
0
-13 (base 14) to base 10
-17
-41 (base 14) to base 8
-71
67 (base 8) to base 12
47
121 (base 7) to base 15
44
Convert -223 (base 9) to base 14.
-d1
What is -57 (base 15) in base 9?
-101
-331 (base 8) to base 16
-d9
Convert 14 (base 14) to base 13.
15
Convert -90 (base 16) to base 12.
-100
Convert -1 (base 3) to base 11.
-1
Convert 18 (base 11) to base 12.
17
8 (base 16) to base 9
8
0 (base 15) to base 6
0
Convert -2 (base 6) to base 14.
-2
Convert -4 (base 15) to base 4.
-10
-1011 (base 2) to base 8
-13
Convert b (base 15) to base 14.
b
Convert -4 (base 11) to base 14.
-4
What is -101 (base 4) in base 8?
-21
Convert 2 (base 14) to base 8.
2
Convert 129 (base 10) to base 8.
201
Convert 234 (base 8) to base 5.
1111
Convert 41 (base 8) to base 13.
27
What is 312 (base 9) in base 8?
376
-20 (base 3) to base 2
-110
What is -13 (base 6) in base 12?
-9
-2 (base 10) to base 7
-2
1 (base 16) to base 8
1
Convert 4 (base 15) to base 2.
100
-c3 (base 16) to base 4
-3003
What is 18 (base 9) in base 7?
23
-b3 (base 15) to base 2
-10101000
What is -1 (base 14) in base 12?
-1
-20 (base 4) to base 8
-10
-5 (base 11) to base 15
-5
What is -11 (base 11) in base 14?
-c
Convert 1012 (base 4) to base 16.
46
What is 134 (base 7) in base 14?
54
-11012 (base 3) to base 10
-113
What is 1021 (base 3) in base 14?
26
Convert 7 (base 11) to base 14.
7
What is -13 (base 16) in base 12?
-17
What is 6 (base 8) in base 5?
11
28 (base 13) to base 15
24
What is 2 (base 7) in base 3?
2
Convert -2 (base 11) to base 12.
-2
Convert 23 (base 4) to base 9.
12
Convert 13d (base 14) to base 9.
308
Convert 2 (base 7) to base 6.
2
1010 (base 2) to base 14
a
-110 (base 2) to base 8
-6
Convert 10 (base 2) to base 14.
2
-2 (base 16) to base 12
-2
1 (base 7) to base 8
1
What is -6c (base 16) in base 7?
-213
12 (base 5) to base 14
7
16 (base 10) to base 14
12
Convert 14 (base 9) to base 13.
10
What is 13 (base 9) in base 14?
c
Convert -4 (base 16) to base 12.
-4
-3 (base 10) to base 16
-3
-6a (base 12) to base 11
-75
109 (base 12) to base 9
180
Convert 110 (base 2) to base 14.
6
44 (base 11) to base 15
33
What is -1 (base 9) in base 10?
-1
What is 14 (base 8) in base 14?
c
-1032 (base 4) to base 9
-86
Convert -133 (base 4) to base 10.
-31
Convert -5 (base 11) to base 2.
-101
0 (base 2) to base 13
0
What is 40 (base 7) in base 10?
28
-3 (base 13) to base 3
-10
What is 21 (base 4) in base 3?
100
Convert -47 (base 8) to base 4.
-213
What is -2 (base 16) in base 15?
-2
What is 1 (base 9) in base 8?
1
-7 (base 16) to base 2
-111
14 (base 11) to base 12
13
Convert 33 (base 9) to base 11.
28
What is -4 (base 12) in base 4?
-10
-51 (base 10) to base 5
-201
Convert -22021 (base 3) to base 14.
-11d
12 (base 13) to base 7
21
140 (base 9) to base 16
75
Convert 3 (base 14) to base 13.
3
Convert -9 (base 14) to base 3.
-100
What is -34 (base 6) in base 16?
-16
What is -1123 (base 4) in base 7?
-160
What is 4 (base 8) in base 2?
100
What is -5 (base 7) in base 14?
-5
What is 0 (base 14) in base 8?
0
Convert 310 (base 4) to base 14.
3a
1 (base 15) to base 12
1
What is 4c (base 14) in base 16?
44
154 (base 9) to base 6
334
What is 200 (base 8) in base 6?
332
-f6 (base 16) to base 10
-246
Convert 0 (base 4) to base 8.
0
Convert -10 (base 4) to base 16.
-4
What is -16 (base 8) in base 2?
-1110
What is -266 (base 7) in base 14?
-a6
What is 1 (base 4) in base 15?
1
15 (base 8) to base 9
14
What is -1 (base 14) in base 3?
-1
Convert 1005 (base 7) to base 14.
1ac
Convert ca (base